e 16
-1b3
What is 336 (base 15) in base 10?
726
What is -10000100100 (base 2) in base 14?
-55a
Convert 778 (base 9) to base 6.
2542
Convert -4436 (base 9) to base 15.
-e83
11132213 (base 4) to base 5
1204224
What is 3642 (base 14) in base 16?
24fa
-102202 (base 3) to base 9
-382
Convert 131114 (base 5) to base 3.
21002002
What is -1366 (base 7) in base 2?
-1000011010
Convert -1a810 (base 13) to base 16.
-cab8
What is 209 (base 14) in base 3?
112212
-22030 (base 9) to base 13
-6858
Convert 423 (base 6) to base 2.
10011111
-385 (base 11) to base 15
-206
Convert -2889 (base 10) to base 8.
-5511
-773 (base 9) to base 2
-1001111001
Convert 1061 (base 7) to base 12.
282
264 (base 12) to base 6
1404
-2425 (base 9) to base 7
-5156
-13112 (base 7) to base 16
-da0
What is d4 (base 15) in base 10?
199
-21a85 (base 11) to base 10
-31916
-19228 (base 10) to base 14
-7016
-26113 (base 7) to base 11
-5220
What is 1737 (base 9) in base 8?
2462
-431 (base 7) to base 10
-218
-4ba (base 13) to base 15
-3a4
6c9 (base 16) to base 15
7ac
What is -100110110000100 (base 2) in base 10?
-19844
What is 22022 (base 3) in base 10?
224
Convert c6c (base 14) to base 16.
990
22101 (base 3) to base 16
e2
What is 12522 (base 6) in base 15?
882
What is -110353 (base 6) in base 11?
-6a16
What is 121211 (base 3) in base 14?
246
bd3 (base 14) to base 12
1431
What is 2124214 (base 5) in base 8?
106530
What is 34 (base 13) in base 7?
61
-315 (base 10) to base 9
-380
149b (base 14) to base 16
e51
Convert -301 (base 4) to base 2.
-110001
Convert -378 (base 13) to base 11.
-501
-27c (base 15) to base 7
-1440
6287 (base 10) to base 7
24221
What is -2654 (base 9) in base 13?
-ba4
What is 12434 (base 7) in base 2?
110011101100
Convert -17997 (base 13) to base 14.
-12881
Convert 1141 (base 12) to base 7.
5413
Convert 2a14 (base 14) to base 12.
43a2
-4c5 (base 13) to base 12
-599
Convert 62 (base 7) to base 5.
134
-8616 (base 10) to base 2
-10000110101000
1220210 (base 3) to base 14
71c
Convert 1397 (base 16) to base 6.
35115
What is -45600 (base 8) in base 6?
-225252
Convert -21122 (base 4) to base 14.
-310
What is -12022102 (base 3) in base 12?
-22a8
What is -111010111 (base 2) in base 15?
-216
What is -25024 (base 11) in base 6?
-434255
What is 102042 (base 5) in base 13?
1714
Convert -26443 (base 13) to base 7.
-414046
What is -cab6 (base 16) in base 9?
-78160
Convert -141341 (base 5) to base 4.
-1123112
What is 23210 (base 4) in base 5?
10430
Convert -1708 (base 9) to base 14.
-692
Convert -13a (base 15) to base 14.
-160
Convert 182 (base 11) to base 15.
e1
-201320 (base 4) to base 2
-100001111000
What is 100101100010000 (base 2) in base 10?
19216
What is 22333 (base 7) in base 3?
21202121
What is 43b9 (base 12) in base 14?
2a29
What is 83 (base 10) in base 13?
65
-bc4 (base 14) to base 11
-1827
What is 1319 (base 12) in base 8?
4205
101111100110 (base 2) to base 11
231a
Convert 996 (base 13) to base 6.
11340
-10010001011 (base 2) to base 12
-80b
Convert -2342 (base 13) to base 4.
-1031123
What is -132030 (base 4) in base 8?
-3614
-55413 (base 6) to base 5
-221323
What is -606 (base 10) in base 4?
-21132
What is -25a (base 16) in base 3?
-211022
Convert 37fe (base 16) to base 13.
66a8
-103133 (base 4) to base 3
-1201012
28 (base 12) to base 15
22
-30441 (base 6) to base 2
-111111011001
-13333 (base 5) to base 4
-101011
19b8 (base 14) to base 13
2183
What is -110100101110 (base 2) in base 5?
-101444
Convert -26401 (base 7) to base 14.
-2801
1001200 (base 3) to base 10
774
-666 (base 16) to base 15
-743
What is -17642 (base 8) in base 15?
-25ed
What is -8b0 (base 12) in base 15?
-5a9
What is 623 (base 8) in base 16?
193
681 (base 13) to base 4
101133
Convert -10771 (base 8) to base 14.
-1969
Convert -43 (base 9) to base 7.
-54
What is -22010111 (base 3) in base 4?
-1130212
What is 587a (base 14) in base 7?
62613
62e (base 15) to base 16
572
5792 (base 10) to base 7
22613
Convert 1035 (base 15) to base 13.
1736
Convert 1288 (base 14) to base 6.
23024
What is ca7 (base 14) in base 2?
100111000011
7a72 (base 12) to base 14
4d70
Convert -49824 (base 11) to base 2.
-10001011101110001
1000011001101100 (base 2) to base 5
2100122
14087 (base 9) to base 15
2c71
Convert 21201111 (base 3) to base 11.
4258
What is 130 (base 13) in base 9?
251
-249 (base 15) to base 2
-1000000111
Convert -230242 (base 5) to base 3.
-102020121
What is 3475 (base 9) in base 8?
5023
What is -1221110222 (base 3) in base 15?
-b508
What is -3103 (base 7) in base 16?
-439
10430 (base 5) to base 15
345
What is -445 (base 8) in base 15?
-148
Convert -2432 (base 5) to base 16.
-16f
-19d0 (base 14) to base 4
-1021102
What is 1867 (base 12) in base 11?
2250
What is -34050 (base 7) in base 8?
-20642
Convert b21 (base 14) to base 5.
32220
What is 100022022 (base 3) in base 15?
2025
Convert 200441 (base 5) to base 14.
2471
Convert -111210221 (base 3) to base 16.
-2755
12022 (base 5) to base 16
377
Convert 25462 (base 7) to base 13.
30ca
-302 (base 7) to base 11
-126
What is 202333 (base 4) in base 8?
4277
Convert -f5 (base 16) to base 12.
-185
What is 1191 (base 15) in base 2?
111010011000
What is 758 (base 10) in base 16?
2f6
What is 3916 (base 10) in base 6?
30044
Convert 6445 (base 7) to base 3.
10010201
Convert -1031 (base 12) to base 8.
-3345
What is 13420 (base 5) in base 9?
1463
Convert 21215 (base 9) to base 15.
4252
-101010011 (base 2) to base 10
-339
Convert 2119 (base 15) to base 6.
52223
-11001000 (base 3) to base 9
-4030
Convert 371 (base 15) to base 8.
1415
What is 2405 (base 8) in base 10?
1285
Convert 22204 (base 7) to base 13.
2710
Convert 100100022 (base 3) to base 6.
51312
-1041142 (base 5) to base 8
-43571
What is -1000021221 (base 3) in base 11?
-13a49
-131022 (base 4) to base 13
-b07
Convert 31440 (base 7) to base 12.
45b6
Convert 6733 (base 8) to base 7.
13225
What is -30132021 (base 4) in base 7?
-301632
What is -2027 (base 13) in base 14?
-1883
1010000000100011 (base 2) to base 3
2002020100
-126214 (base 9) to base 10
-76720
Convert 40020 (base 5) to base 11.
1982
Convert 20b (base 14) to base 3.
112221
Convert e7 (base 15) to base 16.
d9
Convert 206 (base 10) to base 15.
db
Convert -2140434 (base 5) to base 10.
-36994
What is -46547 (base 8) in base 2?
-100110101100111
Convert -150653 (base 7) to base 4.
-13013120
1120341 (base 5) to base 14
7476
What is -c91 (base 16) in base 2?
-110010010001
Convert 2a01 (base 13) to base 14.
2309
5719 (base 13) to base 7
50353
What is -292 (base 13) in base 4?
-13021
-1afc (base 16) to base 15
-20a8
What is -34183 (base 9) in base 12?
-11203
What is 210 (base 10) in base 7?
420
-4584 (base 14) to base 16
-2f28
What is 32041 (base 6) in base 5?
114340
What is -210 (base 6) in base 16?
-4e
737a (base 12) to base 16
314e
-791c (base 13) to base 10
-16925
2708 (base 13) to base 10
5585
What is 476 (base 8) in base 13?
1b6
121241 (base 5) to base 11
3486
Convert 8 (base 9) to base 7.
11
13033031 (base 4) to base 7
152300
51330 (base 6) to base 8
15246
2a894 (base 11) to base 9
65804
Convert -118 (base 15) to base 8.
-370
619 (base 13) to base 6
4444
What is 297c (base 14) in base 3?
101002200
What is -132015 (base 7) in base 5?
-1242313
Convert -2a067 (base 11) to base 12.
-20835
-8c7 (base 13) to base 10
-1515
Convert 3c02 (base 13) to base 10.
8621
What is -10202 (base 5) in base 8?
-1245
What is -1708 (base 10) in base 12?
-ba4
1a6 (base 16) to base 5
3142
-4241 (base 12) to base 14
-28db
-1232310 (base 4) to base 11
-5368
-24414 (base 5) to base 3
-2112212
-223220 (base 6) to base 10
-18876
Convert 53052 (base 6) to base 15.
21c5
Convert 100101101101011 (base 2) to base 14.
7071
-45 (base 15) to base 13
-50
What is 921 (base 10) in base 12?
649
-49d0 (base 16) to base 10
-18896
1004 (base 9) to base 15
33d
What is -1539 (base 14) in base 11?
-2922
Convert -4e69 (base 15) to base 9.
-24870
Convert 21200 (base 3) to base 15.
dc
Convert -20331 (base 7) to base 10.
-4971
Convert 2511 (base 9) to base 6.
12401
-70b (base 13) to base 6
-5310
What is 3260 (base 13) in base 2?
1101101011111
101110 (base 2) to base 15
31
Convert 2221012 (base 3) to base 13.
c86
What is -3044340 (base 5) in base 9?
-75482
What is 11120 (base 4) in base 6?
1332
121221 (base 6) to base 10
10669